))
17
Calculate 16 - (-9 + 7 + (-6 - -7) - -1).
16
What is the value of 18 - (2 + 14 + -2)?
4
Calculate 24 - ((18 - -25) + -23).
4
-2 + (12 - 21) + 9
-2
Calculate 70 + (18 + -47 - 13).
28
What is the value of (28 - (7 + (3 + -18 - -9))) + -9?
18
What is -1 + 4 + 1 + 5 + (31 - 48)?
-8
Calculate (-9 - 0) + -3 + 6 + -3.
-9
What is the value of 17 + 0 + -12 + 5 - 5?
5
What is 8 - (-4 - (-11 - (8 + -3)))?
-4
What is 35 - (-24 + (77 - 26))?
8
Evaluate 1 + -11 + (2 - (1 + -8 + 5)).
-6
(-22 - -14) + 21 + (0 - (-4 + 6))
11
Evaluate -5 - (-3 + -1 + -20 + 5 + 10).
4
What is 2 + -7 - (59 - 41)?
-23
What is 45 + -25 + -18 + (6 + -1 - 1)?
6
Calculate (-12 - (-8 + 1)) + 11 + 8.
14
Evaluate (-31 + -15 - -34) + 49.
37
Evaluate -19 + 25 + 6 - 19 - (-20 + -1).
14
What is 3 + 18 + -4 + -7 - (5 + -2)?
7
Calculate -4 - -1 - (-14 + 48 + -39).
2
Evaluate 11 + (10 + -19 - 3) - 1.
-2
-25 + -1 - (22 + (45 - 67))
-26
Evaluate (-58 - -56) + (3 + -7 - 3).
-9
26 + -6 + 34 - 32
22
Calculate -1 - -2 - (3 - -8 - (23 + -18)).
-5
7 - 12 - (-3 - -3) - (7 - 2)
-10
Evaluate -66 - -24 - -30 - -29.
17
Evaluate (-2 + -1 - ((-17 - -8) + -16)) + 6.
28
What is the value of 3 + 6 - (18 + (4 + -10 - -8))?
-11
-2 + 9 - 15 - (-21 - -6)
7
Evaluate 0 + -12 - (-71 + 7 + 15).
37
5 - (10 - 1) - (-5 - -4 - -9)
-12
What is (-9 + 16 - 0) + -3 + -3?
1
Calculate -5 + (-7 + 1 - (0 - 6) - 6).
-11
What is the value of 23 + (-34 - -18) - (-3 + (-2 - -18))?
-6
-5 + (1 - 11 - -8 - (1 + -8))
0
Calculate -21 + (0 - (-2 + -4)) + -1 + 0.
-16
What is -18 + 8 - (-11 - 16)?
17
(-1 - -12) + 191 + -205
-3
What is (-88 - -98) + 8 + 1?
19
Calculate -6 + 11 + (-11 - (0 - 6)) - 0.
0
6 + (1 - (8 - 8)) + -8
-1
5 + -1 + 9 - 9 - (8 + 14)
-18
What is 9 - (-8 - (-14 + -3)) - 36?
-36
What is -7 - (17 - 23 - 4)?
3
Calculate (2 - 18 - -10) + 3.
-3
Evaluate 34 + -10 + -9 - 6.
9
What is 5 - -15 - 16 - (4 - 28)?
28
What is the value of 108 + -112 + (-1 - -3) + 4?
2
Calculate -2 + 16 + -23 + 17.
8
16 + (20 - 7) + -19
10
15 + 6 + -6 + 2 + 1 + 1
19
Calculate (3 - 13) + -28 + 12 + 15.
-11
What is -11 - (-7 + (-14 - 11))?
21
What is the value of -1 + (31 - 30) + (-2 - 10)?
-12
What is 3 - (-31 - (-52 + 31))?
13
What is -21 + (3 - (-2 - 1 - (29 - 30)))?
-16
Evaluate (5 - -2 - 1) + -3 - (-1 - -17).
-13
Calculate 13 + (7 - -19) + -20.
19
21 + 1 + -2 + -19 + -49 + 58
10
Calculate -31 + (7 - (-22 + 23)).
-25
What is -7 + -1 + 10 + -14 + 16 + -1?
3
Calculate (17 - (17 + -3)) + -9 + 2.
-4
What is 422 + -403 - (0 - -24)?
-5
(18 + -4 - 19) + (-6 - (0 + 0))
-11
What is -2 + (9 + -1 - (-1 + -1))?
8
Evaluate (-3 - 6) + (36 - 25).
2
Calculate 3 + (-21 - (-2 + -6)) - 0.
-10
Calculate 5 - (-6 + 6 + -20 - -8).
17
5 + 10 + -3 - 4
8
Evaluate (10 - 22) + (-1 - -2 - (-4 + 4)).
-11
Calculate -12 - (6 + (16 - 20 - 18)).
4
What is 1 + -7 + -2 + -1 - (-428 + 414)?
5
Calculate (-6 - -13) + -1 + 1 - (-19 + 8).
18
Calculate 7 - (-7 - -1 - (-63 - -57)).
7
Calculate -17 - (-13 + (-4 - -7)).
-7
What is the value of -2 + (0 - 5 - -3) - -12 - 2?
6
Calculate (-27 - (-17 + 3)) + -12 - -7.
-18
Calculate -6 - (-21 - (-9 + -3)).
3
What is -3 - -33 - (70 - 20)?
-20
-28 + 1 + 71 + -62 + 5
-13
14 + 2 + 3 - (-63 - -62)
20
What is the value of -2 - (3 - 10 - 0)?
5
-9 + (-4 - (-8 + 4)) - (6 - 2)
-13
Evaluate (-12 - (-35 + 6)) + -9.
8
Evaluate 13 + -26 + -7 + 21.
1
Calculate (2 - 6 - 3) + 14 + 2.
9
Evaluate -12 - (-1 + -14 + 18 - 7).
-8
What is the value of (2 - 26) + 122 + -112?
-14
Evaluate 4 + (16 + 6 - 11 - (0 + 6)).
9
Evaluate -9 - (-6 - (7 + (10 - 2))).
12
What is the value of 9 + (-12 - 10) + 21?
8
(2 - (4 - 1)) + (-80 - -83) - 9
-7
6 + (0 + -12 - (11 + -8)) - 4
-13
(-193 - -211) + (16 - 5)
29
5 - (0 + 8 - -4)
-7
Calculate -135 + 117 + 1 + 1.
-16
What is the value of -12 + 3 - 2 - -18?
7
Evaluate (0 - (-34 - -4)) + 0 - (-117 + 119).
28
What is the value of -4 - ((3 - -14) + -5) - 8?
-24
-2 + -4 + -4 + (1 - (-35 + 0))
26
Calculate (1 - 4) + -8 - (-37 - -17).
9
(14 - 15 - -13) + -67 + 16
-39
Calculate -12 + (-12 - 0) + (-1 - (-10 + 0)).
-15
What is (197 - 197) + (-17 - (0 + 0))?
-17
Calculate 10 + 26 + -32 + (-1 - 1).
2
What is the value of 6 - 10 - (-3 - (-10 + 9) - 7)?
5
Evaluate -223 - -211 - (-24 - -1) - (0 - 1).
12
23 + (10 - ((-10 - (10 - 20)) + 19))
14
What is the value of (-2 - (15 + -6) - -1) + -4?
-14
Calculate (43 - 69) + -3 + 24.
-5
Calculate -48 + 3 + 4 - (-11 - -2 - -2).
-34
Evaluate -7 - 0 - 0 - (-2606 - -2615).
-16
Calculate 4 + 5 - (5 - 2).
6
Evaluate 37 + -38 + (4 + 1 - 3 - -4).
5
-1 + -2 - (-15 - 1) - 10
3
Evaluate (-43 - -31) + -2 + 3 + (-2 - -3).
-10
27 + 1 + 648 + -653
23
What is -20 + 8 + -4 + 1 + 11?
-4
What is the value of 24 - (25 - (-30 + 57))?
26
Evaluate (16 - (3 + 1)) + (-84 - -71).
-1
Evaluate -155 - -132 - (-39 - 1).
17
Evaluate 52 + -23 + -2 + (280 - 271).
36
What is 13 - 7 - 0 - -8 - 4?
10
3 + (16 + 3 - (2 + 0)) + 7
27
Evaluate -7 + -2 + 0 + (10 - 10).
-9
Evaluate -1 + -9 + -133 + 132 + (3 - 1).
-9
-1 - (-1 + 11 + -8 + -4)
1
Evaluate 37 - 26 - (31 + (2 - 6) - -5).
-21
What is 5 + -21 + (-3 - -22)?
3
What is -5 + 1 + 17 + -6 - (-20 - -8)?
19
Evaluate 26 + -15 - 12 - -6.
5
Evaluate -2 + -4 + 2 - (-16 - (-8 + -3)).
1
-2 + -4 + 2 + 21
17
(12 - 9) + 8 - (20 - 7 - 10)
8
15 - (26 + -12) - (6 + -2) - 5
-8
(6 - (6 + 2)) + -9 + 29
18
-29 - (12 - 15) - (4 + 1)
-31
Evaluate (-7 - -1) + 6 + -1 + 7 - 4.
2
Calculate -43 + 11 + -2 + 12.
-22
Calculate -1 + (-10 - (-12 + 8)) + 23.
16
What is (7 - 1) + (-34 - (-2 + -13))?
-13
68 - 39 - (-7 - -24)
12
What is the value of -3 + 1 + 18 + -32 + 14 + 28?
26
What is the value of -5 + 5 + -26 + 11?
-15
Evaluate -2 - (8 + (8 - 35)) - (8 + -2).
11
What is -5 + 6 + (16 - 2) + -2?
13
0 - (5 + (-7 - -6) - 12) - 13
-5
10 - 5 - ((22 - (-1 - 1)) + -1)
-18
What is -2 - -20 - (14 + (-5 - (-2 - -5)))?
12
Calculate (2 - 10 - -4) + 0 + -1.
-5
Evaluate -464 - -421 - (-20 - -3).
-26
Evaluate 2 + 1 + (-23 - -15 - (-6 - -4)).
-3
What is -25 + -24 + 47 - 26?
-28
Evaluate 12 - -1 - (-14 - (-11 + -3) - -4).
9
Calculate -5 - (9 + -2 - (-7 - -6 - 4)).
-17
Calculate -24 + (3 - ((-4 - 11) + 7)).
-13
Evaluate 3 - -11 - (20 - 20 - -11).
3
What is the value of 5 - -1 - (28 - 14)?
-8
What is the value of 0 - (18 - 12) - -12?
6
Calculate 1722 + -1720 - (9 + -1).
-6
What is the value of (-2 - 4) + 27 + 20 + -20?
21
What is the value of -13 + -2 + 5 + -116 + 123?
-3
11 - (31 + -1 + -16)
-3
Evaluate -14 - -2 - (1 + -4 - (-20 + 20)).
-9
Calculate 5 - ((9 - 2) + -28 + 41).
-15
Calculate -1 - (6 - (-3 - (12 + -11))).
-11
Evaluate 227 - 225 - (-33 + 5).
30
What is 1 + 3 - (14 - 8)?
-2
What is -2 + (35 - (31 + -7))?
9
Calculate -44 - -5 - -19 - -16.
-4
What is 4 - (-14 - (6 - 30))?
-6
Evaluate (2 - -1) + (33 + (-9 - -2) - 4).
25
-1 - 2 - ((-10 - 8) + 7)
8
What is (-24 - -65 - 38) + 14 + -1 - 5?
11
What is 16 + -21 - (-3 - 5 - -2)?
1
-195 - -198 - (2 - (-2 + -2))
-3
Evaluate (-2 - 3) + 156 + -153.
-2
What is 34 - ((-6 - (-4 + 6)) + 5 - -15)?
22
Evaluate (49 - (53 - 14)) + 1 + (-1 - -7).
17
Calculate (-1 - 4) + 2 - (13 - (-7 + 13)).
-10
What is (6 + -1 - -4) + -20 - (-30 + 0)?
19
20 + 18 + (-1 - 8) + -1
28
10 + -2 - (-26 + 45)
-11
What is the value of 9 - (30 - -14) - -15?
-20
Calculate 4 - -10 - 26 - (-38 + -7).
33
What is the value of (7 + -3 - 1) + 9 - (43 + -49)?
18
21 - (-4 - (-1 + -1 - 11))
12
Evaluate 7 - -6 - (-2 - (3 + -5) - 2).
15
17 + (-3 - (8 - (10 - -10))) + -6
20
Calculate (-6 - (55 - -2)) + 32.
-31
(81 - 64) + -8 + -1
8
2 - (1 - -4 - (-92 - -104))
9
What is the value of 17 + -25 + (9 - (-3 - -12))?
-8
Calculate (0 - (16 + 0)) + 3.
-13
What is -4 - (-14 - (-29 - -17)) - 7?
-9
Evaluate (2 - (0 + 13)) + 98 + -93 + 22.
16
What is (2 - (-6 + 4 + 7)) + 14 - -7?
18
Calculate 9 - (7 + -6 - (2 + 2 - -3)).
15
Evaluate -14 - (-7 + -4) - -9 - (-5 + 0).
11
Calculate (17 - (16 - (5 - -2)) - 1) + -6.
1
What is (-5 - (0 - -6 - (74 + -70))) + 8?
1
Evaluate 13 + -14 + 12 + -16.
-5
Calculate (0 - -1) + 6 + (7 - (6 - -4)).
4
What is (18 + -7 - 7) + (-18 - 0)?
-14
What is the value of 3 + (-1 - 14) - (-60 - -68)?
-20
Evaluate 17 - (-32 - -10 - -27).
12
What is the value of -4 - (-5 + 6 + -1 + -1 + -3)?
0
What is the value of 10 + -2 + (-1851 - -1812)?
-31
Evaluate (-7 - -11) + (4 + 10 + -9 - 11).
-2
Calculate -8 - (0 - -5) - (-3 + -1 - -10).
-19
35 + 3 - (7